- 58. What is the remainder when m is divided by u?
4
Let m be (41 - 43) + (5 - 1). Suppose -x + 59 = 3*a, m*x + 2 = 6. Calculate the remainder when 207 is divided by a.
17
Suppose 6*x = 3*c - 0*c - 60, 4*c + 4*x + 4 = 0. Calculate the remainder when 6307 is divided by c.
1
Let w(y) = -y**3 + 26*y**2 + 25*y + 58. Let t be w(27). Suppose -49 - 67 = -t*z. What is the remainder when z is divided by 10?
9
Suppose -103*q + 106*q - 3870 = 0. Suppose 38*u = 32*u + q. Calculate the remainder when u is divided by 4.
3
Let v(n) = -329*n - 154. What is the remainder when v(-7) is divided by 40?
29
Let l = 1520 + -1509. Suppose -5*r + 18 - 3 = 0. Suppose -4*w - a + 2*a + 110 = 0, r*w - a = 82. What is the remainder when w is divided by l?
6
Suppose -5*t + 5*j = -8*t + 5314, 4*t = -4*j + 7096. Suppose 3*p - 10*p + t = 0. Calculate the remainder when p is divided by 32.
30
Suppose 0 = 64*v - 53*v - 22. Suppose -5*n = v*a - 68, 3*a + 7 + 52 = 4*n. What is the remainder when 32 is divided by n?
4
Let q(b) = b**3 + 12*b**2 + 3*b + 53. Suppose 2*w + 5*x + 25 = -14, 0 = -w + x - 9. Calculate the remainder when q(w) is divided by 5.
2
Let v(i) = 5*i + 60. Let g = 160 + -159. What is the remainder when 87 is divided by v(g)?
22
Suppose -z = -2*m + 13, 7*m - 8*m = -z - 7. Calculate the remainder when 75 is divided by (2/m)/(5/150).
5
Let r = 1883 - 1668. Calculate the remainder when r is divided by 148.
67
Let k(x) = x**2 + 8*x - 6956. What is the remainder when k(87) is divided by 23?
21
Let u = -12864 + 20998. Calculate the remainder when u is divided by 8.
6
Let i = 66 - 71. Calculate the remainder when 38 is divided by 4/(-20)*9*i.
2
Suppose 2*g = 6*g + 52. Let n = g + 39. Suppose s - 6 = -2*o, 5*s = -4*o - o + 40. What is the remainder when n is divided by s?
6
Suppose 2*g + 20 = -0*g. Let p = g - -20. Suppose 203 = -3*j + p*j. What is the remainder when 83 is divided by j?
25
What is the remainder when (-1 - (-357)/12)*4 is divided by 888/30 - ((-54)/10 - -5)?
25
Suppose 614*o + 2574 = 636*o. What is the remainder when 1765 is divided by o?
10
Suppose -3*q + 2*g - 8 = 3, -4*q + 3*g - 16 = 0. Let j(u) = 3*u**2 - u + 1. Calculate the remainder when (6/(-5))/(-8 - 317/(-40)) is divided by j(q).
1
Suppose -52*d = -30087 - 6989. Calculate the remainder when d is divided by 14.
13
Suppose 5*z = 5*p + 700, -2*p + 248 = -132*z + 134*z. Calculate the remainder when z is divided by 68.
64
Let r(m) = -758*m**3 - 4*m**2 - 5*m - 2. Calculate the remainder when r(-1) is divided by 204.
145
Let n be (72/(-21))/(10/(-35)). Suppose -11*l + 208 + n = 0. Let d(m) = 8*m**3 - m**2 - 3*m + 3. Calculate the remainder when d(2) is divided by l.
17
Let k = 41 - 7. Let x be 460/(-45) + (-9)/((-486)/12). Calculate the remainder when k is divided by -1*(x - -1*(6 + -3)).
6
Let m = 3906 + -1857. Suppose -8*j = -m + 137. Calculate the remainder when j is divided by 16.
15
Suppose -2*x + 5*f = 9, -2*x + 41 = 4*f + f. Let q = 28706 - 28664. Calculate the remainder when q is divided by x.
2
Let x(r) = -91*r - 5. Suppose 0 = 2*u + 5*s + 58, 95 = -3*u - s + 112. Calculate the remainder when x(-4) is divided by u.
7
Let y(w) = 3*w**3 - 137*w**2 + 86*w + 205. What is the remainder when 221 is divided by y(45)?
21
Suppose -3*a + 255 + 99 = 0. Suppose -f + 37 + 16 = -k, 2*k - a = -2*f. Let m = f + -32. Calculate the remainder when 69 is divided by m.
21
Let o = 53 + 33. Calculate the remainder when o is divided by (26/(-6) - -3)*-33.
42
Suppose 241 = 3*b - 86. Suppose -3*q + z + b = 0, -17 = 5*z + 3. Calculate the remainder when q is divided by -6*1*(-1 + 0).
5
Let i(k) = 141*k + 1931. What is the remainder when i(-6) is divided by 22?
7
Let w(f) = -2*f**3 + 13*f**2 + f - 44. Calculate the remainder when 100 is divided by w(5).
28
Let x = 15187 - 15103. Calculate the remainder when x is divided by ((-3)/2)/(3/(-44)).
18
Let g(d) = -d**3 - 7*d**2 + 7*d - 5. Let l be g(-8). Suppose -3*i - m - l*m = -194, 0 = -4*i + 2*m + 222. Calculate the remainder when 170 is divided by i.
54
Let j(y) = 12*y**2 - 42*y - 453. What is the remainder when j(18) is divided by 9?
6
What is the remainder when 0 + (-3)/8 - 819*26/(-208) is divided by 0 + -1*(-1 - 31)?
6
Let n = 416 + -343. Let h = -191 - -206. Calculate the remainder when n is divided by h.
13
Suppose 3*t = -4*i - 42, -5*i = -t - 25 - 8. Suppose 0 = o - 3*p - 69 + 26, -5*p = -2*o + 81. Let y = t + o. Calculate the remainder when 49 is divided by y.
9
Suppose -6*b = -7*b + 33. Let n = 410 + -248. Calculate the remainder when n is divided by b.
30
Suppose 16 = -3*w - 182. Let h = 36 + w. Let q = h + 75. What is the remainder when q is divided by 25?
20
Suppose 10*k - k + 1062 = 27*k. What is the remainder when 4421 is divided by k?
55
Let o(p) = 4*p. Let z(a) = a**2 - 18*a + 80. Let g be z(8). Suppose -4*q + g*l + 64 = 2*l, -3*l + 40 = 2*q. Calculate the remainder when q is divided by o(1).
2
Let m = -6493 - -6592. What is the remainder when 686 is divided by m?
92
Let q(z) = 4*z**2 + 11*z + 13. Let l(p) = p**2 + 3*p + 3. Let d(k) = -22*l(k) + 6*q(k). Let o = 116 - 81. What is the remainder when o is divided by d(0)?
11
Let r(n) = -343*n + 2451. Calculate the remainder when 7597 is divided by r(7).
47
Suppose 12130 = 10*j + 5*o, -20*o + 24*o = 24. Calculate the remainder when j is divided by 32.
26
Let n be 10/(-8) + (-35408)/(-64). Calculate the remainder when 44 is divided by n/15 + -1 - 8/10.
9
Suppose 0*z + 2*z - 54 = 0. Let r = 97047 + -97042. Calculate the remainder when z is divided by r.
2
Let d be (-4)/(-3)*18/(-12)*6. Let j(z) = -z**2 - 14*z - 16. Calculate the remainder when 10 is divided by j(d).
2
Let p(m) = 5*m + 4. Calculate the remainder when 256 is divided by p(7).
22
Let y be (-1253)/14 - (-6)/(-4). Let q = y - -154. Suppose -v + 4*c = -35, c + q = 3*v + 3*c. Calculate the remainder when 91 is divided by v.
22
Suppose -4*k = 3*s - 206, 3*s - 271 = -12*k + 13*k. Let w = 14 - 8. What is the remainder when s is divided by w?
2
Let s(n) = 20*n - 834. What is the remainder when 2259 is divided by s(43)?
23
Suppose 306*w - 311*w + 540 = 0. Calculate the remainder when 1619 is divided by w.
107
Suppose 12*g + 275 = 899. Let m(z) = -z**2 - 19*z - 76. Calculate the remainder when g is divided by m(-8).
4
Suppose 12*g = 2501 - 713. Let j = -1 - -6. Suppose 2*m = -3*c + 115, j*c - 42 - g = -3*m. What is the remainder when 71 is divided by c?
34
Let x = 30 + -42. Let a(d) = d**3 + 12*d**2 + d - 24. Let c be a(x). Let q = 44 + c. Calculate the remainder when 44 is divided by q.
4
Let o = 23197 - 23181. Let p = -71 + 164. Calculate the remainder when p is divided by o.
13
Let g(h) = h**3 + 9*h**2 + 8*h + 5. Suppose 3*o + 300 = 3*r, -3*r + 73*o = 77*o - 237. What is the remainder when r is divided by g(-7)?
44
Suppose -4268 - 12262 = 30*d. Let y = -548 - d. What is the remainder when 19 is divided by y?
1
Suppose 63*s + 2990 = 89*s. Calculate the remainder when 291 is divided by s.
61
Let p(x) = 142*x + 2136. Calculate the remainder when 1049 is divided by p(-15).
5
Calculate the remainder when (-51)/(-34)*3392/6*(-3)/(-12) is divided by 41.
7
Suppose 45*f - 2842 = -4*f. Let p(j) = -j**3 + 3*j + 3. Let t(v) = v**2 - 7*v + 3. Let w be t(6). Calculate the remainder when f is divided by p(w).
16
Let z(t) = t**3 - 14*t**2 - 18*t + 50. Let j be z(15). Suppose 96 = -j*x + 13*x. Calculate the remainder when 51 is divided by x.
3
Let t(o) = -2*o**3 + 9*o**2 + 7*o + 12. Let w be t(5). Suppose 12 = 3*v, -2*h = -3*v - w - 20. Calculate the remainder when 62 is divided by h.
8
Suppose 0 = 2*c - h - 667, 5*h - 1449 + 108 = -4*c. What is the remainder when c is divided by 27?
10
Suppose 29*x = 28*x - 2, -x = -i + 73. Calculate the remainder when i is divided by 36.
35
Let b(p) = -34*p + 1. Let k = -58 - 94. Let x = k - -289. What is the remainder when x is divided by b(-1)?
32
Let s(u) = 5*u**2 - u - 9. Suppose a - 8*a + 1358 = 0. What is the remainder when a is divided by s(-3)?
38
Suppose 8*l + 24 = 152. Calculate the remainder when l is divided by 5 + 8/(-12)*6/2.
1
Let y(h) = -h**3 - 5*h**2 + 337*h + 91. Calculate the remainder when y(-21) is divided by -1 + 1 - (-11 - 1).
10
Let l(i) = -19*i**2 + 623*i - 71. What is the remainder when l(32) is divided by 60?